364 (base 10) in base 6?
112524432
What is 1000010100010001110010 (base 2) in base 6?
114421322
2d573c (base 15) to base 11
126a472
What is 100011020201 (base 3) in base 8?
540024
1254263 (base 10) to base 9
2321465
Convert 10000010100011101 (base 2) to base 9.
111622
Convert 263456 (base 10) to base 5.
31412311
Convert 70301 (base 12) to base 15.
2d20a
-110111011011001001 (base 2) to base 4
-313123021
Convert -4a87567 (base 11) to base 8.
-41522105
24519 (base 15) to base 2
11100010010111011
144400001 (base 5) to base 9
1415344
What is -674adf (base 16) in base 7?
-111352534
166373 (base 8) to base 3
10002012221
Convert -211012451 (base 7) to base 16.
-be5701
What is 4003106 (base 7) in base 12?
1a8b68
What is 25620342 (base 7) in base 4?
20323210200
What is -20323664 (base 7) in base 10?
-1703678
What is -7463714 (base 9) in base 7?
-45662122
Convert 15cab7 (base 16) to base 12.
58a587
-19523 (base 12) to base 16
-90ab
Convert 46106 (base 9) to base 15.
9170
Convert -5783 (base 15) to base 8.
-44215
Convert -12112333212 (base 4) to base 3.
-10010200202110
What is -22010001201010 (base 3) in base 10?
-4311822
240111020 (base 5) to base 6
35305351
14214 (base 16) to base 3
11012002210
Convert 25271 (base 8) to base 15.
3392
Convert -100001110001001111 (base 2) to base 8.
-416117
Convert 20275a7 (base 13) to base 12.
3311139
What is -10cb911 (base 14) in base 15?
-a8707b
-212660 (base 8) to base 15
-160e3
What is -5008815 (base 9) in base 5?
-1140214244
Convert 332510 (base 10) to base 2.
1010001001011011110
-d13e8 (base 16) to base 13
-240150
c9b59 (base 14) to base 11
303647
62291 (base 11) to base 12
446aa
-10f70 (base 16) to base 14
-1b476
What is -3c0ba8 (base 14) in base 10?
-2076768
What is 11100101101000011001 (base 2) in base 8?
3455031
-2b79b (base 13) to base 15
-1971a
What is -138ec7 (base 16) in base 10?
-1281735
371bc2 (base 13) to base 11
820280
321051 (base 7) to base 16
d932
Convert 12220414 (base 5) to base 8.
344370
Convert -13760460 (base 8) to base 10.
-3137840
-12215044 (base 6) to base 16
-5f824
Convert 666a69 (base 12) to base 2.
110001101110001110001
Convert -1314444102 (base 5) to base 6.
-154154304
Convert -211320113 (base 4) to base 9.
-255748
What is 123423 (base 5) in base 12?
2993
Convert 322011113 (base 4) to base 11.
152823
-51003127 (base 8) to base 2
-101001000000011001010111
818546 (base 16) to base 5
4133111022
What is -531023 (base 6) in base 12?
-20a73
64ac8 (base 16) to base 12
17a774
What is 11211123130 (base 4) in base 10?
1464028
Convert -1201421424 (base 5) to base 6.
-135124125
184814 (base 11) to base 12
118772
Convert 22b467 (base 12) to base 3.
1001101112021
What is 10322052 (base 6) in base 16?
4ac90
2a8336 (base 16) to base 2
1010101000001100110110
Convert -1464483 (base 10) to base 16.
-1658a3
What is 11a7a2 (base 11) in base 5?
22034321
Convert -2110220121001 (base 3) to base 16.
-14188f
-d12c (base 14) to base 5
-2122113
-51633130 (base 7) to base 6
-233041244
291930 (base 10) to base 15
5b770
-a463a5 (base 12) to base 8
-11663255
-2051c7 (base 13) to base 9
-1368140
What is -55120240 (base 6) in base 4?
-12101032200
What is 2442210040 (base 5) in base 4?
112030300003
Convert -1c6691 (base 15) to base 5.
-323413421
-17345d (base 15) to base 12
-462b67
What is -131504513 (base 7) in base 9?
-16781688
What is -45435513 (base 6) in base 14?
-282429
Convert -5764177 (base 10) to base 12.
-1b1b901
3031012 (base 6) to base 15
2ca55
Convert 11011100012020 (base 3) to base 10.
2211198
-a463a (base 12) to base 6
-4340114
What is -13513313 (base 6) in base 7?
-3626400
What is 243455112 (base 6) in base 16?
4711f4
What is -3321421 (base 6) in base 7?
-1261504
-112101100110 (base 3) to base 13
-9bb26
-1072a (base 11) to base 16
-3ca0
Convert 421143440 (base 5) to base 7.
20536221
-10161330 (base 7) to base 13
-23c39a
What is 5303151 (base 6) in base 10?
257323
Convert 87914 (base 16) to base 6.
15522432
-161465 (base 9) to base 3
-12001112012
What is -131dcd (base 16) in base 7?
-13435342
What is 1300332 (base 4) in base 16?
1c3e
Convert -22103113210 (base 4) to base 16.
-2935e4
Convert 20256623 (base 8) to base 10.
4283795
-263201342 (base 7) to base 14
-234b7c9
12222122220110 (base 3) to base 14
5cb8ac
-2014004 (base 6) to base 12
-47304
What is -47561016 (base 8) in base 2?
-100111101110001000001110
What is -204204053 (base 6) in base 2?
-1101100101101101000001
What is -97855 (base 15) in base 11?
-2a9531
-551940 (base 15) to base 10
-4055460
What is -110111110110010 (base 2) in base 5?
-1403334
Convert -443443232 (base 5) to base 6.
-105305021
What is 4103145 (base 7) in base 6?
14245350
What is 2055506 (base 8) in base 2?
10000101101101000110
What is 22110111030 (base 4) in base 11?
1588103
-2766214 (base 10) to base 6
-135142314
What is 1be773 (base 15) in base 8?
5152277
-ca6cd4 (base 14) to base 4
-122022011122
Convert -1510617 (base 8) to base 5.
-102233404
Convert -38572 (base 15) to base 4.
-223332023
What is 31404330 (base 5) in base 4?
1000032302
Convert 353472 (base 8) to base 14.
31d6a
What is -ad6a5 (base 15) in base 7?
-4455152
-1b48a7b (base 13) to base 16
-8a02a4
What is 1011110000010001011 (base 2) in base 13?
10640c
Convert 17313416 (base 9) to base 7.
133600131
40bd7 (base 14) to base 7
1216560
Convert 100011111010101110010 (base 2) to base 6.
41120454
Convert -2033010113 (base 4) to base 15.
-b8972
243442 (base 10) to base 14
64a0a
What is 2777e (base 15) in base 13?
457c1
Convert 375272 (base 13) to base 3.
2111022212022
66848c (base 13) to base 10
2417492
What is 1142231023 (base 5) in base 14?
5025c7
Convert 1137400 (base 8) to base 9.
523600
Convert 1001101110001000101001 (base 2) to base 16.
26e229
What is 2879 (base 13) in base 11?
4435
207411b (base 13) to base 7
146554502
Convert 2344366 (base 10) to base 5.
1100004431
-41004323 (base 5) to base 15
-675e3
-48850 (base 11) to base 10
-70235
Convert -60705241 (base 8) to base 10.
-12815009
Convert -25b830 (base 12) to base 6.
-21153300
What is -1503254 (base 7) in base 6?
-4203042
4022216 (base 8) to base 13
2b06c7
-33636316 (base 8) to base 7
-115651553
109201 (base 13) to base 15
7ae8a
What is 1c62f (base 16) in base 9?
186440
What is -226020 (base 12) in base 2?
-10000110001010011000
Convert 320123110 (base 4) to base 11.
148713
-112311003333 (base 4) to base 9
-12231176
b6e79 (base 16) to base 11
471960
What is -125a98 (base 11) in base 7?
-1454102
Convert 100002132 (base 4) to base 2.
10000000010011110
What is -578690 (base 15) in base 5?
-2032222420
21121212110221 (base 3) to base 12
1434b97
36b05d (base 15) to base 7
31155553
What is -225141332 (base 7) in base 14?
-1b90289
Convert 10121211210222 (base 3) to base 7.
22240550
What is -19bb4 (base 16) in base 10?
-105396
Convert 41043 (base 13) to base 9.
186720
c753d (base 16) to base 6
25255501
What is -14005541 (base 8) in base 14?
-5bd66d
Convert -18c22a (base 13) to base 7.
-5216405
-1000110101011010000110 (base 2) to base 10
-2315910
Convert -1013152414 (base 6) to base 7.
-155232343
What is 11001010100001010001010 (base 2) in base 16?
65428a
-2a2b13 (base 13) to base 16
-fc8e1
What is 250324 (base 7) in base 11?
31442
-1342a0 (base 14) to base 4
-2202100010
Convert 1110111011102 (base 3) to base 16.
bdc11
Convert -1215498 (base 10) to base 12.
-4a74b6
What is -61824 (base 9) in base 15?
-c12a
346678 (base 9) to base 16
32dc2
What is 4705703 (base 9) in base 2?
1001101100111011011010
What is -11a155 (base 11) in base 15?
-3b0c3
3b1425 (base 14) to base 12
8243b5
What is 102110000212121 (base 3) in base 7?
102462526
3112002 (base 5) to base 7
301221
-8be87 (base 15) to base 13
-127969
Convert 73145 (base 13) to base 15.
413ce
-40223 (base 6) to base 16
-1497
What is -10002010002111 (base 3) in base 4?
-12033121213
Convert 49d15 (base 16) to base 10.
302357
-11010001010001001 (base 2) to base 15
-21b30
-6476 (base 8) to base 16
-d3e
Convert -8a4603 (base 12) to base 15.
-2d8880
51b2b0 (base 12) to base 4
10321203210
Convert 3093274 (base 12) to base 4.
202321322320
-2816b9 (base 14) to base 13
-39745b
What is -10013012231 (base 4) in base 10?
-1077677
187141 (base 11) to base 12
11a57a
126050555 (base 7) to base 12
2880a9b
-f01c (base 16) to base 5
-3431333
Conv